{"id":19,"date":"2023-08-20T21:29:28","date_gmt":"2023-08-20T19:29:28","guid":{"rendered":"http:\/\/lsawp.test\/?page_id=12"},"modified":"2025-09-05T19:32:38","modified_gmt":"2025-09-05T17:32:38","slug":"qui-sommes-nous","status":"publish","type":"page","link":"https:\/\/www.adminlsa.fr\/LSA\/public\/","title":{"rendered":"Qui sommes-nous ?"},"content":{"rendered":"<div class=\"wp-block-image\">\n<figure class=\"aligncenter size-full\"><img loading=\"lazy\" decoding=\"async\" width=\"397\" height=\"562\" src=\"https:\/\/www.adminlsa.fr\/LSA\/public\/wp-content\/uploads\/2025\/09\/LE-SPORT-AUTREMENT-EQUIPE-20252026-3.png\" alt=\"\" class=\"wp-image-484\" srcset=\"https:\/\/www.adminlsa.fr\/LSA\/public\/wp-content\/uploads\/2025\/09\/LE-SPORT-AUTREMENT-EQUIPE-20252026-3.png 397w, https:\/\/www.adminlsa.fr\/LSA\/public\/wp-content\/uploads\/2025\/09\/LE-SPORT-AUTREMENT-EQUIPE-20252026-3-212x300.png 212w\" sizes=\"auto, (max-width: 397px) 100vw, 397px\" \/><\/figure>\n<\/div>\n\n\n<p class=\"has-black-color has-text-color\">Nous sommes un groupe de b\u00e9n\u00e9voles passionn\u00e9.e.s de sport souhaitant offrir \u00e0 toutes et \u00e0 tous des activit\u00e9s sportives vari\u00e9es \u00e0 un prix raisonnable.<\/p>\n\n\n\n<p class=\"has-black-color has-text-color\">Nous nous positionnons contre toute forme de discrimination qu\u2019elle soit raciale, sociale ou de genre. De la m\u00eame mani\u00e8re, nous rejetons tout formatage id\u00e9ologique, social ou religieux. Nous croyons profond\u00e9ment en un fonctionnement social juste et \u00e9galitaire.<\/p>\n\n\n\n<p class=\"has-black-color has-text-color\">Nous pensons que le sport peut v\u00e9hiculer des id\u00e9es d\u2019\u00e9galit\u00e9 et de coh\u00e9sion sociale et qu\u2019il peut \u00eatre \u00e9galement un moyen d\u2019int\u00e9gration, d\u2019acceptation de soi-m\u00eame et des autres, ainsi qu\u2019un mode de vie. C\u2019est pourquoi entre nos membres, personne n\u2019essaie d\u2019\u00e9craser son\/sa partenaire, surtout dans les sports de contact.<\/p>\n\n\n<div class=\"wp-block-image is-style-rounded\">\n<figure class=\"aligncenter size-large is-resized\"><img loading=\"lazy\" decoding=\"async\" width=\"1024\" height=\"682\" src=\"https:\/\/www.adminlsa.fr\/LSA\/public\/wp-content\/uploads\/2023\/08\/DSC00286-1024x682.jpg\" alt=\"\" class=\"wp-image-107\" style=\"width:731px;height:auto\" srcset=\"https:\/\/www.adminlsa.fr\/LSA\/public\/wp-content\/uploads\/2023\/08\/DSC00286-1024x682.jpg 1024w, https:\/\/www.adminlsa.fr\/LSA\/public\/wp-content\/uploads\/2023\/08\/DSC00286-300x200.jpg 300w, https:\/\/www.adminlsa.fr\/LSA\/public\/wp-content\/uploads\/2023\/08\/DSC00286-768x512.jpg 768w, https:\/\/www.adminlsa.fr\/LSA\/public\/wp-content\/uploads\/2023\/08\/DSC00286-1536x1024.jpg 1536w, https:\/\/www.adminlsa.fr\/LSA\/public\/wp-content\/uploads\/2023\/08\/DSC00286.jpg 2000w\" sizes=\"auto, (max-width: 1024px) 100vw, 1024px\" \/><\/figure>\n<\/div>\n\n\n<p class=\"has-black-color has-text-color\">Nous croyons dans le partage des savoirs car nous pensons que nous avons toujours des choses \u00e0 apprendre des autres. Dans Le sport\u2026 autrement, chacun.e peut apprendre puis transmettre \u00e0 son tour.<\/p>\n\n\n\n<p class=\"has-black-color has-text-color\">Si notre fa\u00e7on de voir les choses correspond \u00e0 la v\u00f4tre, alors n\u2019h\u00e9sitez plus et rejoignez-nous !<\/p>\n\n\n\n<div class=\"wp-block-columns is-layout-flex wp-container-core-columns-is-layout-9d6595d7 wp-block-columns-is-layout-flex\">\n<div class=\"wp-block-column is-layout-flow wp-block-column-is-layout-flow\" style=\"flex-basis:25%\"><\/div>\n\n\n\n<div class=\"wp-block-column is-layout-flow wp-block-column-is-layout-flow\" style=\"flex-basis:50%\">\n<figure class=\"wp-block-embed is-type-video is-provider-youtube wp-block-embed-youtube wp-embed-aspect-16-9 wp-has-aspect-ratio\"><div class=\"wp-block-embed__wrapper\">\n<iframe loading=\"lazy\" title=\"Pr\u00e9sentation\" width=\"1170\" height=\"658\" src=\"https:\/\/www.youtube.com\/embed\/2wxQUII6UZo?feature=oembed\" frameborder=\"0\" allow=\"accelerometer; autoplay; clipboard-write; encrypted-media; gyroscope; picture-in-picture; web-share\" referrerpolicy=\"strict-origin-when-cross-origin\" allowfullscreen><\/iframe>\n<\/div><\/figure>\n<\/div>\n\n\n\n<div class=\"wp-block-column is-layout-flow wp-block-column-is-layout-flow\" style=\"flex-basis:25%\"><\/div>\n<\/div>\n","protected":false},"excerpt":{"rendered":"<p>Nous sommes un groupe de b\u00e9n\u00e9voles passionn\u00e9.e.s de sport souhaitant offrir \u00e0 toutes et \u00e0 tous des activit\u00e9s sportives vari\u00e9es \u00e0 un prix raisonnable. Nous nous positionnons contre toute forme de discrimination qu\u2019elle soit raciale, sociale ou de genre. De la m\u00eame mani\u00e8re, nous rejetons tout formatage id\u00e9ologique, social ou religieux. Nous croyons profond\u00e9ment en [&hellip;]<\/p>\n","protected":false},"author":1,"featured_media":0,"parent":0,"menu_order":0,"comment_status":"closed","ping_status":"closed","template":"","meta":{"footnotes":""},"class_list":["post-19","page","type-page","status-publish","hentry"],"_links":{"self":[{"href":"https:\/\/www.adminlsa.fr\/LSA\/public\/wp-json\/wp\/v2\/pages\/19","targetHints":{"allow":["GET"]}}],"collection":[{"href":"https:\/\/www.adminlsa.fr\/LSA\/public\/wp-json\/wp\/v2\/pages"}],"about":[{"href":"https:\/\/www.adminlsa.fr\/LSA\/public\/wp-json\/wp\/v2\/types\/page"}],"author":[{"embeddable":true,"href":"https:\/\/www.adminlsa.fr\/LSA\/public\/wp-json\/wp\/v2\/users\/1"}],"replies":[{"embeddable":true,"href":"https:\/\/www.adminlsa.fr\/LSA\/public\/wp-json\/wp\/v2\/comments?post=19"}],"version-history":[{"count":33,"href":"https:\/\/www.adminlsa.fr\/LSA\/public\/wp-json\/wp\/v2\/pages\/19\/revisions"}],"predecessor-version":[{"id":485,"href":"https:\/\/www.adminlsa.fr\/LSA\/public\/wp-json\/wp\/v2\/pages\/19\/revisions\/485"}],"wp:attachment":[{"href":"https:\/\/www.adminlsa.fr\/LSA\/public\/wp-json\/wp\/v2\/media?parent=19"}],"curies":[{"name":"wp","href":"https:\/\/api.w.org\/{rel}","templated":true}]}}